mmon divisor of 1298858 and 86?
86
Calculate the greatest common divisor of 6332 and 1.
1
What is the greatest common factor of 1918 and 805?
7
What is the greatest common divisor of 27750 and 90?
30
What is the highest common factor of 261220 and 220?
20
What is the greatest common divisor of 21996 and 6624?
36
Calculate the highest common divisor of 116 and 211961.
29
What is the greatest common divisor of 218161 and 3443?
313
Calculate the greatest common divisor of 430 and 3867248.
86
What is the highest common divisor of 2837049 and 74?
37
Calculate the highest common divisor of 27153 and 2582552.
3017
What is the greatest common factor of 1920 and 20792?
8
Calculate the highest common factor of 5229 and 3906.
63
What is the highest common divisor of 428 and 51146?
214
Calculate the greatest common factor of 3912 and 6912.
24
What is the highest common factor of 1176357 and 13?
13
What is the greatest common factor of 40572 and 9?
9
What is the highest common factor of 67150 and 1819?
17
What is the highest common factor of 664014 and 390?
78
Calculate the highest common divisor of 1087521 and 4809.
687
What is the greatest common factor of 23 and 141312?
23
What is the greatest common divisor of 2563238 and 246?
82
Calculate the greatest common divisor of 99 and 292347.
99
Calculate the greatest common divisor of 2800 and 61040.
560
Calculate the greatest common factor of 18699 and 69.
69
Calculate the greatest common factor of 3425 and 1400.
25
What is the highest common divisor of 264671 and 11?
11
Calculate the highest common factor of 193596 and 793.
13
Calculate the greatest common factor of 9233924 and 19.
19
Calculate the highest common divisor of 1573434 and 366.
366
What is the greatest common divisor of 593264 and 168?
56
Calculate the highest common divisor of 14 and 1224076.
14
Calculate the highest common factor of 26415 and 315.
45
What is the highest common factor of 423 and 124456?
47
What is the highest common factor of 8256 and 4800?
192
Calculate the greatest common factor of 44 and 413.
1
What is the greatest common divisor of 173376 and 7?
7
Calculate the greatest common factor of 1104598 and 2596.
1298
What is the highest common factor of 21030 and 42?
6
Calculate the greatest common factor of 39620 and 60.
20
Calculate the greatest common divisor of 4402 and 1674.
62
Calculate the highest common factor of 383433 and 92.
23
Calculate the greatest common factor of 158682 and 19398.
318
Calculate the greatest common divisor of 232 and 1328.
8
What is the highest common divisor of 4512 and 7728?
48
What is the highest common divisor of 42 and 497784?
42
What is the greatest common factor of 15207 and 44799?
411
What is the greatest common factor of 102 and 1351976?
34
What is the greatest common factor of 20556 and 1374?
6
Calculate the highest common divisor of 58698 and 54.
54
Calculate the highest common divisor of 364 and 11648.
364
What is the highest common divisor of 99637 and 2771?
17
What is the highest common factor of 75 and 8175075?
75
Calculate the highest common factor of 2264 and 17263.
283
What is the greatest common factor of 836 and 2046?
22
What is the highest common factor of 1930 and 20?
10
What is the highest common divisor of 104410 and 795?
265
What is the greatest common factor of 107 and 37771?
107
Calculate the highest common divisor of 2880 and 11700.
180
Calculate the greatest common factor of 212832 and 160.
32
What is the greatest common factor of 17052 and 5568?
348
What is the greatest common divisor of 392 and 15386?
98
Calculate the greatest common divisor of 55804 and 4.
4
What is the greatest common divisor of 1041154 and 1?
1
Calculate the greatest common factor of 13851068 and 28.
28
Calculate the highest common divisor of 14679 and 63.
63
Calculate the highest common divisor of 1344 and 23898.
42
Calculate the highest common factor of 41692 and 154.
14
What is the greatest common factor of 2241 and 18765?
27
Calculate the highest common factor of 12298 and 1859.
143
What is the greatest common factor of 31180 and 1090?
10
What is the highest common factor of 1331 and 1116709?
1331
Calculate the highest common divisor of 4110 and 62.
2
What is the greatest common divisor of 245367 and 18?
9
Calculate the greatest common factor of 3081 and 55419.
39
Calculate the highest common factor of 42244 and 18644.
236
Calculate the greatest common divisor of 18955 and 17935.
85
What is the highest common factor of 205 and 11849?
41
Calculate the highest common divisor of 3 and 567417.
3
Calculate the greatest common divisor of 3866465 and 3275.
655
Calculate the greatest common factor of 84 and 27912.
12
Calculate the greatest common factor of 3875 and 177475.
775
What is the greatest common divisor of 2109261 and 69?
69
Calculate the greatest common factor of 325554 and 348.
174
Calculate the greatest common factor of 56 and 2331.
7
Calculate the greatest common factor of 14 and 2689918.
14
What is the highest common factor of 123912 and 63?
9
Calculate the greatest common divisor of 84924 and 168.
84
Calculate the greatest common divisor of 39726 and 144.
18
Calculate the greatest common factor of 57690 and 270.
90
Calculate the highest common factor of 48 and 94544.
16
Calculate the greatest common divisor of 20424 and 2256.
24
Calculate the highest common factor of 379 and 609053.
379
What is the greatest common factor of 20314 and 7?
7
What is the greatest common divisor of 11385 and 583165?
1265
Calculate the greatest common divisor of 622537 and 7087.
373
What is the greatest common divisor of 264455 and 2097?
233
What is the greatest common factor of 7232 and 4616?
8
Calculate the greatest common factor of 12 and 436632.
12
What is the greatest common factor of 2816 and 550?
22
What is the highest common factor of 24100 and 325?
25
Calculate the greatest common divisor of 19 and 1228901.
19
What is the greatest common factor of 132 and 116292?
132
Calculate the highest common factor of 7876 and 12.
4
Calculate the greatest common divisor of 41741 and 201.
67
Calculate the greatest common factor of 82 and 401.
1
Calculate the highest common factor of 4267 and 17.
17
Calculate the greatest common divisor of 12 and 126348.
12
Calculate the highest common factor of 664 and 1803092.
332
Calculate the greatest common divisor of 64 and 26088.
8
Calculate the greatest common divisor of 560 and 26096.
112
Calculate the greatest common factor of 7644 and 5376.
84
What is the greatest common factor of 71982 and 3627?
279
Calculate the highest common factor of 72936 and 4932.
36
Calculate the highest common divisor of 142336 and 104.
8
Calculate the greatest common factor of 95 and 805.
5
What is the highest common divisor of 9932 and 260?
52
What is the highest common divisor of 3773 and 748?
11
What is the greatest common divisor of 3 and 48822?
3
What is the highest common divisor of 406 and 35902?
58
Calculate the highest common factor of 160021 and 102.
17
Calculate the highest common factor of 7686161 and 7.
7
What is the greatest common factor of 130 and 3445?
65
Calculate the highest common factor of 255432 and 1392.
696
Calculate the highest common divisor of 82018 and 2254.
46
What is the greatest common factor of 2106 and 12?
6
What is the greatest common factor of 5 and 92015?
5
What is the highest common factor of 48535 and 340?
85
What is the highest common factor of 52763 and 323?
19
Calculate the greatest common factor of 182556 and 4554.
198
What is the greatest common divisor of 11 and 197747?
11
Calculate the greatest common divisor of 1110 and 247110.
30
Calculate the greatest common divisor of 16566 and 24783.
33
What is the greatest common divisor of 224 and 897568?
224
What is the greatest common divisor of 122900 and 5300?
100
What is the greatest common divisor of 256139 and 136?
17
What is the greatest common divisor of 5 and 1750505?
5
What is the greatest common factor of 8526 and 1914?
174
Calculate the greatest common factor of 4697 and 1098.
61
Calculate the highest common factor of 93820 and 80.
20
What is the greatest common divisor of 350 and 54050?
50
What is the greatest common factor of 980140 and 3220?
140
What is the highest common factor of 4503 and 2